{"id":593,"date":"2023-11-24T15:46:59","date_gmt":"2023-11-24T20:46:59","guid":{"rendered":"https:\/\/parolefranco.ca\/?page_id=593"},"modified":"2024-02-28T18:46:24","modified_gmt":"2024-02-28T23:46:24","slug":"novembre-1993","status":"publish","type":"page","link":"https:\/\/parolefranco.ca\/en\/novembre-1993\/","title":{"rendered":"November 1993"},"content":{"rendered":"<div class=\"wp-block-group alignfull has-border-color is-vertical is-content-justification-center is-nowrap is-layout-flex wp-container-core-group-is-layout-96eab88b wp-block-group-is-layout-flex\" style=\"border-color:#a6f5b0;border-width:65px;border-radius:0px;margin-top:0px;margin-bottom:0px\">\n<h2 class=\"wp-block-heading has-text-align-center has-foreground-color has-text-color has-link-color wp-elements-a8785c140742e87ba2b5c1dbd50a5012\">Our place? Intergenerational Connections and \nIntersectional Issues in Ontario\u2019s Arts Scene<\/h2>\n\n\n\n<div style=\"height:30px\" aria-hidden=\"true\" class=\"wp-block-spacer wp-container-content-cf2db169\"><\/div>\n\n\n\n<figure class=\"wp-block-gallery has-nested-images columns-3 is-cropped wp-block-gallery-1 is-layout-flex wp-block-gallery-is-layout-flex\">\n<figure class=\"wp-block-image size-large has-custom-border\"><img data-recalc-dims=\"1\" loading=\"lazy\" decoding=\"async\" width=\"1422\" height=\"1834\" data-attachment-id=\"350\" data-permalink=\"https:\/\/parolefranco.ca\/en\/1968-1982\/screenshot-2023-11-23-at-1-38-23-pm\/\" data-orig-file=\"https:\/\/i0.wp.com\/parolefranco.ca\/wp-content\/uploads\/2023\/11\/screenshot-2023-11-23-at-1.38.23-pm.png?fit=1422%2C1834&amp;ssl=1\" data-orig-size=\"1422,1834\" data-comments-opened=\"1\" data-image-meta=\"{&quot;aperture&quot;:&quot;0&quot;,&quot;credit&quot;:&quot;&quot;,&quot;camera&quot;:&quot;&quot;,&quot;caption&quot;:&quot;&quot;,&quot;created_timestamp&quot;:&quot;0&quot;,&quot;copyright&quot;:&quot;&quot;,&quot;focal_length&quot;:&quot;0&quot;,&quot;iso&quot;:&quot;0&quot;,&quot;shutter_speed&quot;:&quot;0&quot;,&quot;title&quot;:&quot;&quot;,&quot;orientation&quot;:&quot;0&quot;}\" data-image-title=\"Screenshot 2023-11-23 at 1.38.23 PM\" data-image-description=\"\" data-image-caption=\"\" data-large-file=\"https:\/\/i0.wp.com\/parolefranco.ca\/wp-content\/uploads\/2023\/11\/screenshot-2023-11-23-at-1.38.23-pm.png?fit=794%2C1024&amp;ssl=1\" data-id=\"350\" src=\"https:\/\/i0.wp.com\/parolefranco.ca\/wp-content\/uploads\/2023\/11\/screenshot-2023-11-23-at-1.38.23-pm.png?resize=1422%2C1834&#038;ssl=1\" alt=\"\" class=\"has-border-color has-foreground-border-color wp-image-350\" style=\"border-width:1px\"\/><\/figure>\n\n\n\n<figure class=\"wp-block-image size-large has-custom-border\"><img data-recalc-dims=\"1\" loading=\"lazy\" decoding=\"async\" width=\"1416\" height=\"1844\" data-attachment-id=\"595\" data-permalink=\"https:\/\/parolefranco.ca\/en\/screenshot-2023-11-24-at-2-48-53-pm\/\" data-orig-file=\"https:\/\/i0.wp.com\/parolefranco.ca\/wp-content\/uploads\/2023\/11\/screenshot-2023-11-24-at-2.48.53-pm.png?fit=1416%2C1844&amp;ssl=1\" data-orig-size=\"1416,1844\" data-comments-opened=\"1\" data-image-meta=\"{&quot;aperture&quot;:&quot;0&quot;,&quot;credit&quot;:&quot;&quot;,&quot;camera&quot;:&quot;&quot;,&quot;caption&quot;:&quot;&quot;,&quot;created_timestamp&quot;:&quot;0&quot;,&quot;copyright&quot;:&quot;&quot;,&quot;focal_length&quot;:&quot;0&quot;,&quot;iso&quot;:&quot;0&quot;,&quot;shutter_speed&quot;:&quot;0&quot;,&quot;title&quot;:&quot;&quot;,&quot;orientation&quot;:&quot;0&quot;}\" data-image-title=\"Screenshot 2023-11-24 at 2.48.53 PM\" data-image-description=\"\" data-image-caption=\"\" data-large-file=\"https:\/\/i0.wp.com\/parolefranco.ca\/wp-content\/uploads\/2023\/11\/screenshot-2023-11-24-at-2.48.53-pm.png?fit=786%2C1024&amp;ssl=1\" data-id=\"595\" src=\"https:\/\/i0.wp.com\/parolefranco.ca\/wp-content\/uploads\/2023\/11\/screenshot-2023-11-24-at-2.48.53-pm.png?resize=1416%2C1844&#038;ssl=1\" alt=\"\" class=\"has-border-color has-foreground-border-color wp-image-595\" style=\"border-width:1px\"\/><\/figure>\n<\/figure>\n\n\n\n<div style=\"height:35px\" aria-hidden=\"true\" class=\"wp-block-spacer wp-container-content-8af585c5\"><\/div>\n\n\n\n<div class=\"wp-block-columns is-layout-flex wp-container-core-columns-is-layout-f56f613f wp-block-columns-is-layout-flex\">\n<div class=\"wp-block-column is-layout-flow wp-block-column-is-layout-flow\" style=\"padding-right:0;padding-left:0;flex-basis:65%\">\n<p class=\"wp-block-paragraph translation-block\" style=\"font-size:20px\">It was manifesto time in 1993 for young playwright (Louis) Patrick Leroux, founder of <em>Th\u00e9\u00e2tre la Catapulte<\/em>, which had been established a year earlier in Ottawa. When it came to sharing a manifesto, there was no better place through which be heard than in the arts magazine <em>Liaison<\/em>. Founded in 1978 by the Ontario organization <em>Th\u00e9\u00e2tre Action<\/em>, <em>Liaison<\/em>\u2019s first issue was described as a \u201csmall journalistic-type information periodical, or compendium of a community of ideas, sensations or intentions\u201d (Jean-Pierre B\u00e9gin, <em>Liaison<\/em> (1978): 2). Its creation responded primarily to a collective need for a publication that would promote the various activities of Ontario\u2019s francophone arts community. In addition to its informative dimension, the <em>Liaison<\/em> represented an important forum for expression, artistic and literary criticism, creation and exchange for a whole range of actors whose work affects francophone artistic practice in Canada.<\/p>\n\n\n\n<p class=\"wp-block-paragraph\" style=\"font-size:20px\">The presentation of a thematic dossier surrounding the publication of Leroux\u2019s <em>Manifeste de la g\u00e9n\u00e9ration manifeste<\/em> offered an opportunity to debate contemporary social and artistic issues. The aesthetic program proposed by the defender of Generation X in the face of baby boomers was well summed up by the title of the thematic dossier, which brought together reactions to the manifesto from ten artists of varying ages and artistic disciplines: <em>Notre place: Tasse-to\u00e9<\/em> (Our Place: Step Aside). As evidenced by the contributions published in this dossier, Leroux\u2019s invitation to express solidarity between peers was perceived above all as clumsy. Far more than an intergenerational conflict, the reactions to this manifesto attested to the diversity of issues preoccupying artists at the end of the century in creation to creative practice: stylistic paradigms and technological transformations, infrastructure and professional development, industrialization and commodification of art, and the fundamentally intersectional nature of inequalities experienced across generations.<br><br>The influence of <em>Liaison<\/em> magazine extended to Acadia and Western Canada. Published four to five times a year by Ottawa-based <em>\u00c9ditions l\u2019Interligne<\/em>, this arts magazine ceased publication in 2018 after forty years of activity.<\/p>\n<\/div>\n\n\n\n<div class=\"wp-block-column has-background-color has-primary-background-color has-text-color has-background has-link-color wp-elements-00154b965ff25b3dbadb67adc92913ce is-layout-flow wp-block-column-is-layout-flow\" style=\"padding-top:var(--wp--preset--spacing--60);padding-right:var(--wp--preset--spacing--50);padding-bottom:var(--wp--preset--spacing--60);padding-left:var(--wp--preset--spacing--50);flex-basis:35%\">\n<p class=\"has-small-font-size wp-block-paragraph\"><strong>Title of the document : <\/strong>Patrick Leroux, Manifeste de la g\u00e9n\u00e9ration manifeste<strong>, <\/strong>revue <em>Liaison<\/em>, no 74, (novembre 1993)&nbsp;: p. 21-32, reproduit avec la permission les \u00c9ditions l\u2019Interligne. <\/p>\n\n\n\n<p class=\"has-small-font-size wp-block-paragraph\"><strong>To learn more about this topic:<\/strong><\/p>\n\n\n\n<p class=\"has-small-font-size wp-block-paragraph\">Online<\/p>\n\n\n\n<p class=\"has-small-font-size wp-block-paragraph\"><span style=\"text-decoration: underline\"><a href=\"http:\/\/www.ameriquefrancaise.org\/fr\/article-562\/Liaison,_revue_artistique_et_culturelle_francophone.html\" target=\"_blank\" rel=\"noreferrer noopener\">Boulet, Chlo\u00e9 et Martine No\u00ebl. \u00ab&nbsp;Liaison, revue artistique et culturelle francophone&nbsp;\u00bb, <em>Encyclop\u00e9die du patrimoine culturel de l\u2019Am\u00e9rique fran\u00e7aise<\/em>, 2007.<\/a><\/span><\/p>\n\n\n\n<p class=\"has-small-font-size wp-block-paragraph\">Printed sources<\/p>\n\n\n\n<p class=\"has-small-font-size wp-block-paragraph\">Hotte, Lucie, Jo\u00ebl Beddows et Isabelle Kirouac Massicotte. \u00ab&nbsp;Ottawa, capitale culturelle ?&nbsp;\u00bb, dans Anne Gilbert, Linda Cardinal, Michel Bock, Lucie Hotte et Fran\u00e7ois Charbonneau (dir.), <em>Ottawa, lieu de vie fran\u00e7ais<\/em>, Ottawa, Presses de &nbsp; l\u2019Universit\u00e9 d\u2019Ottawa, 2017, p. 239-280.<br><br>Leroux, Louis Patrick. \u00ab&nbsp;Commettre des manifestes&nbsp;\u00bb, <em>L&rsquo;Oiseau-Tigre &#8211; Les Cahiers du Th\u00e9\u00e2tre fran\u00e7ais<\/em>, Ottawa, 2008, p. 71-80.<br><br>Melan\u00e7on, Johanne. \u00ab Au-del\u00e0 d\u2019une litt\u00e9rature r\u00e9gionale en Ontario fran\u00e7ais : remise en question du sentiment d\u2019appartenance id\u00e9ologique et g\u00e9n\u00e9rationnelle chez Louis Patrick Leroux \u00bb, <em>\u00c9tudes canadiennes \/ Canadian Studies<\/em>, 92 (2022), p. 151-168.<\/p>\n<\/div>\n<\/div>\n\n\n\n<div style=\"height:0px;width:0px\" aria-hidden=\"true\" class=\"wp-block-spacer wp-container-content-f7b87a2a\"><\/div>\n<\/div>\n\n\n\n<div class=\"wp-block-columns is-layout-flex wp-container-core-columns-is-layout-f56f613f wp-block-columns-is-layout-flex\">\n<div class=\"wp-block-column is-layout-flow wp-block-column-is-layout-flow\">\n<div class=\"wp-block-columns is-layout-flex wp-container-core-columns-is-layout-f56f613f wp-block-columns-is-layout-flex\">\n<div class=\"wp-block-column is-layout-flow wp-block-column-is-layout-flow\">\n<div class=\"wp-block-buttons is-layout-flex wp-block-buttons-is-layout-flex\">\n<div class=\"wp-block-button has-custom-width wp-block-button__width-100\"><a class=\"wp-block-button__link has-background wp-element-button\" href=\"https:\/\/parolefranco.ca\/en\/1867-1927\/\" style=\"border-radius:10px;background-color:#a57d54\">1867-1927<\/a><\/div>\n<\/div>\n<\/div>\n\n\n\n<div class=\"wp-block-column is-layout-flow wp-block-column-is-layout-flow\">\n<div class=\"wp-block-buttons is-layout-flex wp-block-buttons-is-layout-flex\">\n<div class=\"wp-block-button has-custom-width wp-block-button__width-100\"><a class=\"wp-block-button__link has-background wp-element-button\" href=\"https:\/\/parolefranco.ca\/en\/1928-1967\/\" style=\"border-radius:10px;background-color:#a57d54\">1928-1967<\/a><\/div>\n<\/div>\n<\/div>\n<\/div>\n<\/div>\n\n\n\n<div class=\"wp-block-column is-layout-flow wp-block-column-is-layout-flow\">\n<div class=\"wp-block-columns is-layout-flex wp-container-core-columns-is-layout-f56f613f wp-block-columns-is-layout-flex\">\n<div class=\"wp-block-column is-layout-flow wp-block-column-is-layout-flow\">\n<div class=\"wp-block-buttons is-layout-flex wp-block-buttons-is-layout-flex\">\n<div class=\"wp-block-button has-custom-width wp-block-button__width-100\"><a class=\"wp-block-button__link has-background wp-element-button\" href=\"https:\/\/parolefranco.ca\/en\/1968-1982\/\" style=\"border-radius:10px;background-color:#a57d54\">1968-1982<\/a><\/div>\n<\/div>\n<\/div>\n\n\n\n<div class=\"wp-block-column is-layout-flow wp-block-column-is-layout-flow\">\n<div class=\"wp-block-buttons is-layout-flex wp-block-buttons-is-layout-flex\">\n<div class=\"wp-block-button has-custom-width wp-block-button__width-100\"><a class=\"wp-block-button__link has-background wp-element-button\" href=\"https:\/\/parolefranco.ca\/en\/1983-2022\/\" style=\"border-radius:10px;background-color:#a57d54\">1983-2022<\/a><\/div>\n<\/div>\n<\/div>\n<\/div>\n<\/div>\n<\/div>\n\n\n\n<div style=\"height:40px\" aria-hidden=\"true\" class=\"wp-block-spacer\"><\/div>","protected":false},"excerpt":{"rendered":"<p>Notre place ? Liaisons interg\u00e9n\u00e9rationnelles et place aux enjeux intersectionnels dans le milieu des arts en Ontario L\u2019heure est au manifeste en 1993 pour le jeune dramaturge (Louis) Patrick Leroux, fondateur du Th\u00e9\u00e2tre la Catapulte qui voyait le jour un an plus t\u00f4t \u00e0 Ottawa, et nul lieu n\u2019est aussi bien trouv\u00e9 que la revue [&hellip;]<\/p>\n","protected":false},"author":60472210,"featured_media":0,"parent":0,"menu_order":0,"comment_status":"closed","ping_status":"closed","template":"","meta":{"_crdt_document":"","advanced_seo_description":"","jetpack_seo_html_title":"","jetpack_seo_noindex":false,"footnotes":""},"class_list":["post-593","page","type-page","status-publish","hentry"],"jetpack_likes_enabled":true,"jetpack_sharing_enabled":true,"jetpack_shortlink":"https:\/\/wp.me\/Pfdu74-9z","_links":{"self":[{"href":"https:\/\/parolefranco.ca\/en\/wp-json\/wp\/v2\/pages\/593","targetHints":{"allow":["GET"]}}],"collection":[{"href":"https:\/\/parolefranco.ca\/en\/wp-json\/wp\/v2\/pages"}],"about":[{"href":"https:\/\/parolefranco.ca\/en\/wp-json\/wp\/v2\/types\/page"}],"author":[{"embeddable":true,"href":"https:\/\/parolefranco.ca\/en\/wp-json\/wp\/v2\/users\/60472210"}],"replies":[{"embeddable":true,"href":"https:\/\/parolefranco.ca\/en\/wp-json\/wp\/v2\/comments?post=593"}],"version-history":[{"count":13,"href":"https:\/\/parolefranco.ca\/en\/wp-json\/wp\/v2\/pages\/593\/revisions"}],"predecessor-version":[{"id":2212,"href":"https:\/\/parolefranco.ca\/en\/wp-json\/wp\/v2\/pages\/593\/revisions\/2212"}],"wp:attachment":[{"href":"https:\/\/parolefranco.ca\/en\/wp-json\/wp\/v2\/media?parent=593"}],"curies":[{"name":"wp","href":"https:\/\/api.w.org\/{rel}","templated":true}]}}

<div class="wp-block-group alignfull has-border-color is-vertical is-content-justification-center is-nowrap is-layout-flex wp-container-core-group-is-layout-96eab88b wp-block-group-is-layout-flex" style="border-color:#a6f5b0;border-width:65px;border-radius:0px;margin-top:0px;margin-bottom:0px">
<h2 class="wp-block-heading has-text-align-center has-foreground-color has-text-color has-link-color wp-elements-a8785c140742e87ba2b5c1dbd50a5012">Our place? Intergenerational Connections and 
Intersectional Issues in Ontario’s Arts Scene</h2>



<div style="height:30px" aria-hidden="true" class="wp-block-spacer wp-container-content-cf2db169"></div>



<figure class="wp-block-gallery has-nested-images columns-3 is-cropped wp-block-gallery-1 is-layout-flex wp-block-gallery-is-layout-flex">
<figure class="wp-block-image size-large has-custom-border"><img data-recalc-dims="1" loading="lazy" decoding="async" width="1422" height="1834" data-attachment-id="350" data-permalink="https://parolefranco.ca/en/1968-1982/screenshot-2023-11-23-at-1-38-23-pm/" data-orig-file="https://i0.wp.com/parolefranco.ca/wp-content/uploads/2023/11/screenshot-2023-11-23-at-1.38.23-pm.png?fit=1422%2C1834&amp;ssl=1" data-orig-size="1422,1834" data-comments-opened="1" data-image-meta="{&quot;aperture&quot;:&quot;0&quot;,&quot;credit&quot;:&quot;&quot;,&quot;camera&quot;:&quot;&quot;,&quot;caption&quot;:&quot;&quot;,&quot;created_timestamp&quot;:&quot;0&quot;,&quot;copyright&quot;:&quot;&quot;,&quot;focal_length&quot;:&quot;0&quot;,&quot;iso&quot;:&quot;0&quot;,&quot;shutter_speed&quot;:&quot;0&quot;,&quot;title&quot;:&quot;&quot;,&quot;orientation&quot;:&quot;0&quot;}" data-image-title="Screenshot 2023-11-23 at 1.38.23 PM" data-image-description="" data-image-caption="" data-large-file="https://i0.wp.com/parolefranco.ca/wp-content/uploads/2023/11/screenshot-2023-11-23-at-1.38.23-pm.png?fit=794%2C1024&amp;ssl=1" data-id="350" src="https://i0.wp.com/parolefranco.ca/wp-content/uploads/2023/11/screenshot-2023-11-23-at-1.38.23-pm.png?resize=1422%2C1834&#038;ssl=1" alt="" class="has-border-color has-foreground-border-color wp-image-350" style="border-width:1px"/></figure>



<figure class="wp-block-image size-large has-custom-border"><img data-recalc-dims="1" loading="lazy" decoding="async" width="1416" height="1844" data-attachment-id="595" data-permalink="https://parolefranco.ca/en/screenshot-2023-11-24-at-2-48-53-pm/" data-orig-file="https://i0.wp.com/parolefranco.ca/wp-content/uploads/2023/11/screenshot-2023-11-24-at-2.48.53-pm.png?fit=1416%2C1844&amp;ssl=1" data-orig-size="1416,1844" data-comments-opened="1" data-image-meta="{&quot;aperture&quot;:&quot;0&quot;,&quot;credit&quot;:&quot;&quot;,&quot;camera&quot;:&quot;&quot;,&quot;caption&quot;:&quot;&quot;,&quot;created_timestamp&quot;:&quot;0&quot;,&quot;copyright&quot;:&quot;&quot;,&quot;focal_length&quot;:&quot;0&quot;,&quot;iso&quot;:&quot;0&quot;,&quot;shutter_speed&quot;:&quot;0&quot;,&quot;title&quot;:&quot;&quot;,&quot;orientation&quot;:&quot;0&quot;}" data-image-title="Screenshot 2023-11-24 at 2.48.53 PM" data-image-description="" data-image-caption="" data-large-file="https://i0.wp.com/parolefranco.ca/wp-content/uploads/2023/11/screenshot-2023-11-24-at-2.48.53-pm.png?fit=786%2C1024&amp;ssl=1" data-id="595" src="https://i0.wp.com/parolefranco.ca/wp-content/uploads/2023/11/screenshot-2023-11-24-at-2.48.53-pm.png?resize=1416%2C1844&#038;ssl=1" alt="" class="has-border-color has-foreground-border-color wp-image-595" style="border-width:1px"/></figure>
</figure>



<div style="height:35px" aria-hidden="true" class="wp-block-spacer wp-container-content-8af585c5"></div>



<div class="wp-block-columns is-layout-flex wp-container-core-columns-is-layout-f56f613f wp-block-columns-is-layout-flex">
<div class="wp-block-column is-layout-flow wp-block-column-is-layout-flow" style="padding-right:0;padding-left:0;flex-basis:65%">
<p class="wp-block-paragraph translation-block" style="font-size:20px">It was manifesto time in 1993 for young playwright (Louis) Patrick Leroux, founder of <em>Théâtre la Catapulte</em>, which had been established a year earlier in Ottawa. When it came to sharing a manifesto, there was no better place through which be heard than in the arts magazine <em>Liaison</em>. Founded in 1978 by the Ontario organization <em>Théâtre Action</em>, <em>Liaison</em>’s first issue was described as a “small journalistic-type information periodical, or compendium of a community of ideas, sensations or intentions” (Jean-Pierre Bégin, <em>Liaison</em> (1978): 2). Its creation responded primarily to a collective need for a publication that would promote the various activities of Ontario’s francophone arts community. In addition to its informative dimension, the <em>Liaison</em> represented an important forum for expression, artistic and literary criticism, creation and exchange for a whole range of actors whose work affects francophone artistic practice in Canada.</p>



<p class="wp-block-paragraph" style="font-size:20px">The presentation of a thematic dossier surrounding the publication of Leroux’s <em>Manifeste de la génération manifeste</em> offered an opportunity to debate contemporary social and artistic issues. The aesthetic program proposed by the defender of Generation X in the face of baby boomers was well summed up by the title of the thematic dossier, which brought together reactions to the manifesto from ten artists of varying ages and artistic disciplines: <em>Notre place: Tasse-toé</em> (Our Place: Step Aside). As evidenced by the contributions published in this dossier, Leroux’s invitation to express solidarity between peers was perceived above all as clumsy. Far more than an intergenerational conflict, the reactions to this manifesto attested to the diversity of issues preoccupying artists at the end of the century in creation to creative practice: stylistic paradigms and technological transformations, infrastructure and professional development, industrialization and commodification of art, and the fundamentally intersectional nature of inequalities experienced across generations.<br><br>The influence of <em>Liaison</em> magazine extended to Acadia and Western Canada. Published four to five times a year by Ottawa-based <em>Éditions l’Interligne</em>, this arts magazine ceased publication in 2018 after forty years of activity.</p>
</div>



<div class="wp-block-column has-background-color has-primary-background-color has-text-color has-background has-link-color wp-elements-00154b965ff25b3dbadb67adc92913ce is-layout-flow wp-block-column-is-layout-flow" style="padding-top:var(--wp--preset--spacing--60);padding-right:var(--wp--preset--spacing--50);padding-bottom:var(--wp--preset--spacing--60);padding-left:var(--wp--preset--spacing--50);flex-basis:35%">
<p class="has-small-font-size wp-block-paragraph"><strong>Title of the document : </strong>Patrick Leroux, Manifeste de la génération manifeste<strong>, </strong>revue <em>Liaison</em>, no 74, (novembre 1993)&nbsp;: p. 21-32, reproduit avec la permission les Éditions l’Interligne. </p>



<p class="has-small-font-size wp-block-paragraph"><strong>To learn more about this topic:</strong></p>



<p class="has-small-font-size wp-block-paragraph">Online</p>



<p class="has-small-font-size wp-block-paragraph"><span style="text-decoration: underline"><a href="http://www.ameriquefrancaise.org/fr/article-562/Liaison,_revue_artistique_et_culturelle_francophone.html" target="_blank" rel="noreferrer noopener">Boulet, Chloé et Martine Noël. «&nbsp;Liaison, revue artistique et culturelle francophone&nbsp;», <em>Encyclopédie du patrimoine culturel de l’Amérique française</em>, 2007.</a></span></p>



<p class="has-small-font-size wp-block-paragraph">Printed sources</p>



<p class="has-small-font-size wp-block-paragraph">Hotte, Lucie, Joël Beddows et Isabelle Kirouac Massicotte. «&nbsp;Ottawa, capitale culturelle ?&nbsp;», dans Anne Gilbert, Linda Cardinal, Michel Bock, Lucie Hotte et François Charbonneau (dir.), <em>Ottawa, lieu de vie français</em>, Ottawa, Presses de &nbsp; l’Université d’Ottawa, 2017, p. 239-280.<br><br>Leroux, Louis Patrick. «&nbsp;Commettre des manifestes&nbsp;», <em>L&rsquo;Oiseau-Tigre &#8211; Les Cahiers du Théâtre français</em>, Ottawa, 2008, p. 71-80.<br><br>Melançon, Johanne. « Au-delà d’une littérature régionale en Ontario français : remise en question du sentiment d’appartenance idéologique et générationnelle chez Louis Patrick Leroux », <em>Études canadiennes / Canadian Studies</em>, 92 (2022), p. 151-168.</p>
</div>
</div>



<div style="height:0px;width:0px" aria-hidden="true" class="wp-block-spacer wp-container-content-f7b87a2a"></div>
</div>



<div class="wp-block-columns is-layout-flex wp-container-core-columns-is-layout-f56f613f wp-block-columns-is-layout-flex">
<div class="wp-block-column is-layout-flow wp-block-column-is-layout-flow">
<div class="wp-block-columns is-layout-flex wp-container-core-columns-is-layout-f56f613f wp-block-columns-is-layout-flex">
<div class="wp-block-column is-layout-flow wp-block-column-is-layout-flow">
<div class="wp-block-buttons is-layout-flex wp-block-buttons-is-layout-flex">
<div class="wp-block-button has-custom-width wp-block-button__width-100"><a class="wp-block-button__link has-background wp-element-button" href="https://parolefranco.ca/en/1867-1927/" style="border-radius:10px;background-color:#a57d54">1867-1927</a></div>
</div>
</div>



<div class="wp-block-column is-layout-flow wp-block-column-is-layout-flow">
<div class="wp-block-buttons is-layout-flex wp-block-buttons-is-layout-flex">
<div class="wp-block-button has-custom-width wp-block-button__width-100"><a class="wp-block-button__link has-background wp-element-button" href="https://parolefranco.ca/en/1928-1967/" style="border-radius:10px;background-color:#a57d54">1928-1967</a></div>
</div>
</div>
</div>
</div>



<div class="wp-block-column is-layout-flow wp-block-column-is-layout-flow">
<div class="wp-block-columns is-layout-flex wp-container-core-columns-is-layout-f56f613f wp-block-columns-is-layout-flex">
<div class="wp-block-column is-layout-flow wp-block-column-is-layout-flow">
<div class="wp-block-buttons is-layout-flex wp-block-buttons-is-layout-flex">
<div class="wp-block-button has-custom-width wp-block-button__width-100"><a class="wp-block-button__link has-background wp-element-button" href="https://parolefranco.ca/en/1968-1982/" style="border-radius:10px;background-color:#a57d54">1968-1982</a></div>
</div>
</div>



<div class="wp-block-column is-layout-flow wp-block-column-is-layout-flow">
<div class="wp-block-buttons is-layout-flex wp-block-buttons-is-layout-flex">
<div class="wp-block-button has-custom-width wp-block-button__width-100"><a class="wp-block-button__link has-background wp-element-button" href="https://parolefranco.ca/en/1983-2022/" style="border-radius:10px;background-color:#a57d54">1983-2022</a></div>
</div>
</div>
</div>
</div>
</div>



<div style="height:40px" aria-hidden="true" class="wp-block-spacer"></div>

<p>Notre place ? Liaisons intergénérationnelles et place aux enjeux intersectionnels dans le milieu des arts en Ontario L’heure est au manifeste en 1993 pour le jeune dramaturge (Louis) Patrick Leroux, fondateur du Théâtre la Catapulte qui voyait le jour un an plus tôt à Ottawa, et nul lieu n’est aussi bien trouvé que la revue [&hellip;]</p>
